*d + 6*d. Is d a composite number?
False
Let a be 1*(5 - 2) - -1. Suppose 41355 - 8303 = a*m. Is m a prime number?
True
Let x be 22/(-16)*-4*4. Let b = 24 - x. Suppose -6 = -b*a, h - 1788 + 176 = -5*a. Is h a composite number?
False
Is ((-33)/231 + (-22311)/84)*(-891 + -1) composite?
True
Suppose -4*q + 9*q - 76700 = 0. Suppose 18*g - q = 547718. Is g a prime number?
False
Let u = 167 + -165. Suppose u*s + 53244 = 4*p, 0 = -3*p - 6*s + 4*s + 39919. Is p a composite number?
False
Suppose -2*h + 92183 = 7*z, -5*z = -3*h - 46343 - 19533. Is z a prime number?
True
Let n be 2/19 + (-315190)/(-190). Let w = -1174 + n. Is w a composite number?
True
Let w(k) = k**3 - 11*k**2 + 11*k - 14. Let p be w(10). Let m(n) = -3*n**2 - 13*n - 1. Let t be m(p). Suppose -t*j + 14 = -31. Is j prime?
False
Suppose 5*g + 3*f - 4*f - 49845 = 0, 3*g - 29924 = 4*f. Suppose 0 = -5*j - 8*l + 4*l + 12459, -4*j = 4*l - g. Is j a composite number?
True
Let j(u) = -1 + 18*u - 47*u**2 + 122*u**2 - 56*u**2 + 2*u**3. Is j(16) prime?
False
Suppose -2*v + 608460 = 2*r, 608439 = 52*r - 50*r - v. Is r a composite number?
False
Let j = 134 - 129. Suppose 1287 = j*u - 4*h, h = -u + 3*h + 255. Is u prime?
False
Let p(o) = 457*o**2 + 0 + o**3 - 13 - 440*o**2. Is p(7) a composite number?
False
Let d = -1669 + 3276. Let s = 4494 - d. Is s a composite number?
False
Let f = -76852 + 168885. Is f a composite number?
False
Suppose 16*y - 24536 = 111288. Is y composite?
True
Let i(b) = -7*b - 19. Let p be i(-5). Let m(k) = k**3 - 15*k**2 + k + 15. Is m(p) a prime number?
False
Suppose 3*f = -26854 + 115423. Suppose 0 = -14*g + f + 23803. Is g composite?
True
Suppose -48*o + 16589521 = -14271935. Is o a prime number?
True
Suppose -2340423 = -6*r + 3*b, 4*r - 7*r = b - 1170214. Is r a prime number?
False
Is 359880/14 - (-62)/217 a prime number?
False
Is 0 + 14 + (4 - -20191) composite?
True
Suppose -2*h + 86243 = 3*n, 185021 = 3*h - n + 55684. Is h composite?
True
Let v = -151 + 119. Let b be v/(-24)*2022/4. Let l = b + 185. Is l a prime number?
True
Suppose -i = -6*i + 20. Let m be i - (4*-2)/2. Is 170/2 - 0/m prime?
False
Let l be (-312)/(-28) + -11 - 362/(-14). Suppose l*f = -3495 + 172547. Is f a composite number?
True
Suppose 0*b + 10892 = -2*b - 4*n, b + 3*n = -5447. Let p = 17 - b. Is p a composite number?
True
Is (2130160/200)/(2/5) composite?
False
Let g = 10 - 7. Suppose 2*q + 1893 = 1903. Suppose 5*f + q = 0, -g*b + 418 = -b + 4*f. Is b composite?
False
Let r(d) be the third derivative of d**5/60 + 5*d**4/12 + 9*d**3/2 + 30*d**2. Let v be r(-7). Suppose -v*h + 1801 = -5201. Is h composite?
True
Suppose 5*o = 4*f + 1251995, -12*o + 2*f = -9*o - 751199. Is o composite?
False
Let y(b) = -b**2 + 67*b - 33. Is y(23) a composite number?
True
Is (-38)/209 + (5 + -1)*50197959/924 a prime number?
True
Suppose -66325 = -x - 4*n, 4*x = -7*n + 5*n + 265314. Is x prime?
False
Suppose -28*l + 3725475 = 1011799. Is l a composite number?
True
Let h(w) = -239404*w - 5067. Is h(-5) composite?
True
Let v = 24907 + -16759. Let f = v + -533. Is f a composite number?
True
Let k(z) = -4771*z - 22. Let g be k(-5). Suppose -29*n + 7168 = -g. Is n composite?
False
Let x = -78 + 81. Suppose 2130 = x*y - 1089. Is y composite?
True
Let f be 18/4*((-154)/21)/(-11). Let g(c) = c**3 - 3*c**2 - c + 3. Let y be g(f). Suppose -2*k + 4*n + 0*n + 1894 = y, k + n = 956. Is k a prime number?
True
Is (-578993)/(-16) + 52/(-832) composite?
False
Suppose -c - 40 = -22. Let b = 21 + c. Suppose h = -m + 1710, b*m - 3*h - 5134 = -2*h. Is m a prime number?
False
Suppose 43*s - 39*s = -2*l + 1104912, 0 = s - l - 276225. Is s composite?
True
Let v be (-3 + 0)*25/(-15). Let b = -255 - -259. Suppose w - b*y = y + 1258, -y = -v*w + 6266. Is w a prime number?
False
Suppose 5892 = y + 2*y. Let i = -366 + 369. Suppose 4*d - y = 3*r, -d + 1964 = i*d - r. Is d composite?
False
Let r(z) = 129*z - 101. Let d = 207 - 201. Is r(d) a prime number?
True
Let a(l) = 3*l**3 - 54*l**2 + 104*l - 181. Is a(36) a prime number?
True
Let v(u) = u**3 - u**2 + 294*u + 62179. Is v(0) prime?
False
Let z(g) = -10 - 4*g + 0*g + 43 - 10 - 16 + 48*g**2. Let d be (-6)/(-21) - (-46)/(-14). Is z(d) composite?
True
Suppose 147*m - 20*m - 25569608 = 30537341. Is m a composite number?
False
Let w = -53 + 55. Suppose -w*r + 10 = o, 2*o = -o + 3*r - 6. Suppose 0 = -o*u - 0*u + 1594. Is u composite?
False
Suppose -4 = 3*b - 43. Let g = 9619 - 5222. Suppose g = b*q - 2090. Is q a composite number?
False
Let p = 382 - 206. Let b = p + 1362. Is b a prime number?
False
Let l(a) = -231*a + a**2 + 225*a - 5*a**2. Let n be l(-3). Is 3*-1 + (-13356)/n composite?
False
Let k = 5375 - 2644. Let c = -1022 + k. Is c a composite number?
False
Let k = -2933 - -1485. Let g = k + 10387. Is g prime?
False
Let n(i) = 39*i**2 - i**3 + 2*i**3 - 14*i**2 + 8*i + 14*i - 48. Let o be n(-24). Suppose o = -m + 3*m - 3802. Is m a composite number?
False
Suppose -1640 = -3*x + x. Let k = 1286 - x. Let d = k + -231. Is d a composite number?
True
Let p(l) = -l**2 + 5*l + 2. Let a be p(-1). Is ((-2084)/16)/(1/a) a composite number?
False
Suppose 3*h + 5*z + 98 = 0, -z + 114 - 4 = -3*h. Let d = h - -42. Suppose 2*v - 2*o - 308 = -d*o, 2*v + 2*o = 300. Is v a composite number?
True
Suppose 3370 - 1096 = 3*m. Let d be 2/(-3*4/(-42)). Suppose -d*r + 243 = -m. Is r prime?
False
Let t = 612587 - 347790. Is t prime?
False
Suppose 4*b + 0 + 5 = 3*x, x = -5*b + 8. Suppose 0*c - c = 3. Is -1 + b - 0 - c a composite number?
False
Suppose -7*f = 4*f + 154. Let i be 5/(-10) - (-167)/(-2). Is (-24)/i + (-37894)/f prime?
True
Suppose 11346 + 1740 = p. Let y = p - 3359. Is y prime?
False
Let j(n) be the third derivative of 61*n**4/24 + 17*n**3/6 - 6*n**2. Let t be j(6). Suppose -h + t = -18. Is h composite?
False
Suppose -5*r - 1 + 16 = 5*n, 4*n = 2*r + 12. Suppose 0 = 5*h - 2*f - 14, -10*f + 8 = -h - 6*f. Suppose r = h*c - 375 - 49. Is c composite?
True
Suppose 4*u - 16 = -0. Suppose -2*x + 4 = -u. Suppose -4*h + 5476 = 5*d - d, -x*h - 16 = 0. Is d a prime number?
True
Suppose 661*t = 3*w + 663*t - 348923, 581543 = 5*w + t. Is w a prime number?
False
Suppose 177006 = -8*r + 1778958. Is r/18 + 8/6 composite?
True
Let a(o) = o**3 - 6*o**2 - 17*o + 4. Let j be a(8). Let h be j - 816/(-4 - 0). Suppose -x + h = 2*f, -4*x - 3*f + 785 = -0*f. Is x composite?
True
Let j(d) = -3*d**3 - 9*d**2 + d + 11. Let x be j(-5). Let o(z) = -24*z - 23*z - 9 + 27*z - x*z. Is o(-20) prime?
True
Let c(s) = -5*s + 14. Let d be c(-8). Let t be ((-24)/d)/(2/(-9)). Suppose 0 = -t*i - 4*i + 5910. Is i composite?
True
Let o be (-30)/(-9)*(-12)/(-10). Let s be (-1)/o*1*-3244. Suppose 149 - s = -2*d. Is d a prime number?
True
Let q be 6/(-4)*((-21)/9 - 1). Suppose -90 = -q*n + 5*k - 15, -5*k - 30 = -2*n. Suppose -n*r + 14*r + 149 = 0. Is r composite?
False
Suppose 80*r + 114050 = 70*r. Let h = 19194 + r. Is h composite?
False
Is -4534*(7/2)/(-1) a prime number?
False
Let t be (-2)/(-4) + (-1015)/(-14). Suppose -o - 32 = -0*o - 4*d, -3*o - d - 57 = 0. Let l = o + t. Is l composite?
False
Let o(z) = -409*z - 104. Let s be o(-8). Let u = 6225 - s. Is u composite?
True
Let h be 32167 - (-70)/(-21)*(-12)/10. Let w = h + -55380. Let v = -12632 - w. Is v a prime number?
False
Suppose -21 = n - 26. Suppose 2*r = -n*r + 7427. Is r a composite number?
False
Let w be (-10)/40 + 30/(-8). Let x(v) = -15*v**3 - 3*v**2 + 7*v + 2. Let s be x(w). Suppose 0 = -c + s + 255. Is c a prime number?
False
Is (4 + (-477310)/(-15))/((-62)/(-93)) a composite number?
False
Suppose -q = -d + 110093, -11*d - 4*q = -8*d - 330251. Is d prime?
False
Let k = -900 + 898. Is (-2)/((-213237)/(-2775123) + k/26) a prime number?
True
Let k(m) = 9*m**3 - 41*m**2 + 15*m + 14. Let n(l) = -5*l**3 + 20*l**2 - 8*l - 7. Let d(i) = -3*k(i) - 5*n(i). Suppose 4*f - 2 - 42 = 0. Is d(f) composite?
False
Let n be (-13)/(-3) + 10 + 310/(-30). Suppose -w = v - 1712, 5*w + 8204 = n*v + 1383. Is v a prime number?
True
Let x be (-350266)/105 + (-4)/30. Let u = x + 4735. Is u a prime number?
True
Let o(t) = t**3 + 9*t**2 + 2*t - 8. Let j(c) = -c**3 - 9*c**2 - 2*c + 9. Let q(f) = 5*j(f) + 6*o(f). Let p be q(-8). Is (-5691)/(-27) - (-10)/p prime?
True
Suppose 12*p - 83564 = 209494 - 31614. Is p a prime 